{"version":"1.0","provider_name":"Les Petits Baroudeurs","provider_url":"https:\/\/www.lespetitsbaroudeurs.com\/blog","author_name":"C\u00e9line Lacombe","author_url":"https:\/\/www.lespetitsbaroudeurs.com\/blog\/author\/celine\/","title":"O\u00f9 partir en famille pour les vacances d\u2019automne ? - Les Petits Baroudeurs","type":"rich","width":600,"height":338,"html":"<blockquote class=\"wp-embedded-content\"><a href=\"https:\/\/www.lespetitsbaroudeurs.com\/blog\/ou-partir-en-famille-vacances-automne\/\">O\u00f9 partir en famille pour les vacances d\u2019automne ?<\/a><\/blockquote>\n<script type='text\/javascript'>\n<!--\/\/--><![CDATA[\/\/><!--\n\t\t\/*! This file is auto-generated *\/\n\t\t!function(d,l){\"use strict\";var e=!1,n=!1;if(l.querySelector)if(d.addEventListener)e=!0;if(d.wp=d.wp||{},!d.wp.receiveEmbedMessage)if(d.wp.receiveEmbedMessage=function(e){var t=e.data;if(t)if(t.secret||t.message||t.value)if(!\/[^a-zA-Z0-9]\/.test(t.secret)){for(var r,i,a,s=l.querySelectorAll('iframe[data-secret=\"'+t.secret+'\"]'),n=l.querySelectorAll('blockquote[data-secret=\"'+t.secret+'\"]'),o=new RegExp(\"^https?:$\",\"i\"),c=0;c<n.length;c++)n[c].style.display=\"none\";for(c=0;c<s.length;c++)if(r=s[c],e.source===r.contentWindow){if(r.removeAttribute(\"style\"),\"height\"===t.message){if(1e3<(a=parseInt(t.value,10)))a=1e3;else if(~~a<200)a=200;r.height=a}if(\"link\"===t.message)if(i=l.createElement(\"a\"),a=l.createElement(\"a\"),i.href=r.getAttribute(\"src\"),a.href=t.value,o.test(a.protocol))if(a.host===i.host)if(l.activeElement===r)d.top.location.href=t.value}}},e)d.addEventListener(\"message\",d.wp.receiveEmbedMessage,!1),l.addEventListener(\"DOMContentLoaded\",t,!1),d.addEventListener(\"load\",t,!1);function t(){if(!n){n=!0;for(var e,t,r=-1!==navigator.appVersion.indexOf(\"MSIE 10\"),i=!!navigator.userAgent.match(\/Trident.*rv:11\\.\/),a=l.querySelectorAll(\"iframe.wp-embedded-content\"),s=0;s<a.length;s++){if(!(e=a[s]).getAttribute(\"data-secret\"))t=Math.random().toString(36).substr(2,10),e.src+=\"#?secret=\"+t,e.setAttribute(\"data-secret\",t);if(r||i)(t=e.cloneNode(!0)).removeAttribute(\"security\"),e.parentNode.replaceChild(t,e)}}}}(window,document);\n\/\/--><!]]>\n<\/script><iframe sandbox=\"allow-scripts\" security=\"restricted\" src=\"https:\/\/www.lespetitsbaroudeurs.com\/blog\/ou-partir-en-famille-vacances-automne\/embed\/\" width=\"600\" height=\"338\" title=\"\u00ab\u00a0O\u00f9 partir en famille pour les vacances d\u2019automne ?\u00a0\u00bb &#8212; Les Petits Baroudeurs\" frameborder=\"0\" marginwidth=\"0\" marginheight=\"0\" scrolling=\"no\" class=\"wp-embedded-content\"><\/iframe>","thumbnail_url":"https:\/\/www.lespetitsbaroudeurs.com\/blog\/wp-content\/uploads\/2015\/10\/VACANCES-AUTOMNE.jpg","thumbnail_width":1136,"thumbnail_height":530,"description":"Pour les familles baroudeuses (comme pour les autres d\u2019ailleurs), pr\u00e9parer les vacances peut parfois ressembler \u00e0 un vrai casse-t\u00eate : on r\u00eave de nature, de retour aux sources, de prendre du temps avec ses enfants, de faire plus de sport. Mais il faut aussi composer avec la famille, les contraintes de budget et le fait [&hellip;]"}

Céline Lacombe

Où partir en famille pour les vacances d’automne ? - Les Petits Baroudeurs

<blockquote class="wp-embedded-content"><a href="https://www.lespetitsbaroudeurs.com/blog/ou-partir-en-famille-vacances-automne/">Où partir en famille pour les vacances d’automne ?</a></blockquote>
<script type='text/javascript'>
<!--//--><![CDATA[//><!--
		/*! This file is auto-generated */
		!function(d,l){"use strict";var e=!1,n=!1;if(l.querySelector)if(d.addEventListener)e=!0;if(d.wp=d.wp||{},!d.wp.receiveEmbedMessage)if(d.wp.receiveEmbedMessage=function(e){var t=e.data;if(t)if(t.secret||t.message||t.value)if(!/[^a-zA-Z0-9]/.test(t.secret)){for(var r,i,a,s=l.querySelectorAll('iframe[data-secret="'+t.secret+'"]'),n=l.querySelectorAll('blockquote[data-secret="'+t.secret+'"]'),o=new RegExp("^https?:$","i"),c=0;c<n.length;c++)n[c].style.display="none";for(c=0;c<s.length;c++)if(r=s[c],e.source===r.contentWindow){if(r.removeAttribute("style"),"height"===t.message){if(1e3<(a=parseInt(t.value,10)))a=1e3;else if(~~a<200)a=200;r.height=a}if("link"===t.message)if(i=l.createElement("a"),a=l.createElement("a"),i.href=r.getAttribute("src"),a.href=t.value,o.test(a.protocol))if(a.host===i.host)if(l.activeElement===r)d.top.location.href=t.value}}},e)d.addEventListener("message",d.wp.receiveEmbedMessage,!1),l.addEventListener("DOMContentLoaded",t,!1),d.addEventListener("load",t,!1);function t(){if(!n){n=!0;for(var e,t,r=-1!==navigator.appVersion.indexOf("MSIE 10"),i=!!navigator.userAgent.match(/Trident.*rv:11\./),a=l.querySelectorAll("iframe.wp-embedded-content"),s=0;s<a.length;s++){if(!(e=a[s]).getAttribute("data-secret"))t=Math.random().toString(36).substr(2,10),e.src+="#?secret="+t,e.setAttribute("data-secret",t);if(r||i)(t=e.cloneNode(!0)).removeAttribute("security"),e.parentNode.replaceChild(t,e)}}}}(window,document);
//--><!]]>
</script><iframe sandbox="allow-scripts" security="restricted" src="https://www.lespetitsbaroudeurs.com/blog/ou-partir-en-famille-vacances-automne/embed/" width="600" height="338" title="« Où partir en famille pour les vacances d’automne ? » &#8212; Les Petits Baroudeurs" frameborder="0" marginwidth="0" marginheight="0" scrolling="no" class="wp-embedded-content"></iframe>

Pour les familles baroudeuses (comme pour les autres d’ailleurs), préparer les vacances peut parfois ressembler à un vrai casse-tête : on rêve de nature, de retour aux sources, de prendre du temps avec ses enfants, de faire plus de sport. Mais il faut aussi composer avec la famille, les contraintes de budget et le fait [&hellip;]
